233140
-4343 (base 6) to base 2
-1111100111
What is 14014 (base 9) in base 13?
4420
8b (base 13) to base 5
430
Convert -355b (base 13) to base 5.
-220022
-4301 (base 7) to base 11
-1162
Convert 5167 (base 10) to base 3.
21002101
-777 (base 11) to base 4
-32203
What is -9619 (base 10) in base 13?
-44bc
1123 (base 7) to base 15
1c4
Convert 22970 (base 13) to base 6.
1204132
97 (base 12) to base 9
137
What is 10011111100 (base 2) in base 13?
772
What is 101100100001000 (base 2) in base 4?
11210020
4303 (base 9) to base 2
110001011010
What is 1546 (base 7) in base 4?
21232
51a (base 14) to base 15
46e
What is 10231 (base 4) in base 6?
1221
What is 3322 (base 16) in base 7?
53110
What is -164 (base 10) in base 11?
-13a
What is 498 (base 10) in base 14?
278
What is 6a8a (base 11) in base 9?
13666
What is 2015 (base 6) in base 15?
1e8
What is -7b1 (base 12) in base 11?
-948
Convert -3200 (base 5) to base 9.
-522
Convert -5404 (base 12) to base 10.
-9220
What is -10011111 (base 2) in base 3?
-12220
4313 (base 6) to base 7
2601
11164 (base 11) to base 8
37443
What is 956 (base 12) in base 15?
60c
What is -4a00 (base 13) in base 2?
-10100011101110
What is 111100011 (base 2) in base 6?
2123
What is 43533 (base 6) in base 10?
6033
Convert -4120 (base 6) to base 2.
-1110010000
Convert 2432 (base 5) to base 16.
16f
What is -11001100001 (base 2) in base 8?
-3141
What is 1519 (base 12) in base 2?
100110100101
What is -41253 (base 7) in base 11?
-7637
4410 (base 8) to base 9
3148
-1694 (base 10) to base 14
-890
Convert b33 (base 12) to base 7.
4506
65b1 (base 13) to base 9
21385
365 (base 12) to base 2
111111101
Convert 1352 (base 10) to base 14.
6c8
Convert 8774 (base 13) to base 16.
49a6
What is 67 (base 13) in base 2?
1010101
What is -62 (base 16) in base 7?
-200
Convert 30bb6 (base 12) to base 13.
23139
What is 8d7 (base 15) in base 9?
2664
Convert -10000011100 (base 2) to base 12.
-738
What is 34 (base 5) in base 6?
31
Convert 3a43 (base 12) to base 5.
203200
What is -2bca (base 13) in base 11?
-4906
What is -32b2 (base 15) in base 7?
-43214
113212 (base 6) to base 9
14388
Convert -344 (base 9) to base 10.
-283
Convert -1231330 (base 5) to base 14.
-8a3b
124337 (base 8) to base 13
168a6
What is -72b4 (base 14) in base 7?
-111414
What is 65077 (base 8) in base 6?
325531
Convert -1ab (base 15) to base 12.
-282
4ca7 (base 13) to base 6
122413
Convert 2437 (base 11) to base 9.
4330
What is -3238 (base 12) in base 13?
-2684
Convert 22122100 (base 3) to base 7.
24240
-100010110111100 (base 2) to base 6
-214352
What is -673 (base 13) in base 8?
-2124
Convert -3a2 (base 12) to base 5.
-4204
What is -1242101 (base 5) in base 2?
-110000001001011
Convert -11323130 (base 4) to base 10.
-24284
Convert -264 (base 11) to base 5.
-2222
What is 279 (base 12) in base 14?
1d3
-7715 (base 9) to base 16
-1634
Convert -310b (base 13) to base 3.
-100021210
Convert -152534 (base 7) to base 8.
-72110
-550 (base 7) to base 12
-1b4
Convert 2d34 (base 14) to base 6.
101230
1425 (base 10) to base 3
1221210
Convert -98a (base 14) to base 5.
-30021
Convert -23300032 (base 4) to base 10.
-48142
What is 101102202 (base 3) in base 9?
11382
What is 110111111 (base 2) in base 6?
2023
Convert -3403 (base 11) to base 9.
-6127
Convert -35061 (base 8) to base 2.
-11101000110001
Convert 2659a (base 12) to base 11.
3663a
10010111011 (base 2) to base 6
5335
What is -31112 (base 5) in base 15?
-907
ca63 (base 14) to base 9
52871
Convert 615 (base 7) to base 11.
259
Convert 41727 (base 8) to base 5.
1023432
-5322 (base 6) to base 2
-10010110010
-1001001000011 (base 2) to base 15
-15ba
Convert -1125 (base 9) to base 7.
-2300
What is 110140 (base 5) in base 12?
2243
What is 20875 (base 9) in base 11?
a440
What is 755 (base 8) in base 9?
607
What is 426 (base 11) in base 4?
20000
Convert 12525 (base 10) to base 4.
3003231
What is 422 (base 5) in base 6?
304
Convert -6b7 (base 15) to base 11.
-1164
What is 222100 (base 3) in base 16?
2c7
29b (base 12) to base 6
1515
What is -1012120 (base 3) in base 2?
-1101101111
19ab (base 13) to base 8
7423
80a (base 13) to base 5
20422
What is -4b43 (base 15) in base 12?
-9346
Convert 10023200 (base 4) to base 12.
9aa8
-1011 (base 7) to base 10
-351
-19866 (base 11) to base 8
-66014
What is -70 (base 13) in base 3?
-10101
Convert -120200 (base 3) to base 10.
-423
What is -1813 (base 10) in base 8?
-3425
24304 (base 6) to base 3
11220011
-1c716 (base 14) to base 10
-72736
-7834 (base 14) to base 10
-20822
What is 18 (base 13) in base 2?
10101
Convert -6cbb (base 14) to base 8.
-45045
-426 (base 11) to base 8
-1000
What is 775 (base 10) in base 2?
1100000111
Convert -1236 (base 13) to base 16.
-a14
What is -974 (base 10) in base 6?
-4302
3122 (base 11) to base 3
12200021
What is -90f (base 16) in base 14?
-bb9
Convert -6054 (base 15) to base 6.
-234041
-31032 (base 5) to base 9
-2681
What is -11323211 (base 4) in base 3?
-1020022202
What is 13271 (base 8) in base 6?
42533
Convert 43414 (base 7) to base 3.
112212111
What is 2002221 (base 3) in base 10?
1537
Convert 246146 (base 7) to base 10.
45359
60657 (base 8) to base 2
110000110101111
11011011 (base 2) to base 4
3123
What is 29c (base 16) in base 10?
668
What is -100110001001110 (base 2) in base 10?
-19534
What is -1212111011 (base 3) in base 7?
-212206
-231b3 (base 13) to base 15
-13e88
Convert -505 (base 9) to base 15.
-1c5
What is -348 (base 12) in base 8?
-750
-10220 (base 4) to base 7
-602
What is 9ed1 (base 15) in base 3?
1201020221
What is b6a3 (base 14) in base 13?
11454
Convert 10001000100 (base 2) to base 16.
444
-501 (base 6) to base 14
-cd
Convert 10001101 (base 2) to base 8.
215
What is 5319 (base 16) in base 11?
14a8a
-51 (base 10) to base 11
-47
214 (base 5) to base 3
2012
Convert -433 (base 10) to base 8.
-661
What is -b90 (base 16) in base 9?
-4048
301332 (base 5) to base 11
7230
-1115 (base 7) to base 15
-1be
Convert 3017 (base 15) to base 6.
114551
What is -b5 (base 14) in base 4?
-2133
What is -8c8 (base 13) in base 8?
-2754
What is 1413 (base 8) in base 4?
30023
Convert -9a2c (base 16) to base 9.
-60123
What is 552 (base 6) in base 8?
324
Convert -124a (base 16) to base 6.
-33402
Convert -189 (base 12) to base 4.
-3321
What is 2287 (base 15) in base 14?
2955
-111111000 (base 2) to base 12
-360
1123 (base 6) to base 9
326
What is b4b (base 13) in base 11?
1498
What is 53a (base 13) in base 14?
47c
What is -1005 (base 7) in base 8?
-534
Convert -4448 (base 10) to base 6.
-32332
c243 (base 16) to base 11
34400
Convert c8 (base 15) to base 2.
10111100
Convert -3000 (base 11) to base 4.
-332121
What is -355 (base 9) in base 3?
-101212
What is -688 (base 12) in base 7?
-2552
What is -1988 (base 10) in base 4?
-133010
What is -231 (base 10) in base 14?
-127
What is -1110101110101 (base 2) in base 14?
-2a69
111012 (base 4) to base 11
1018
What is -12100 (base 5) in base 13?
-543
Convert -9c2 (base 15) to base 2.
-100010011111
Convert 110000011101 (base 2) to base 16.
c1d
Convert 201020 (base 5) to base 12.
3841
Convert -124c (base 13) to base 10.
-2599
Convert 22254 (base 6) to base 9.
4257
What is -27e8 (base 16) in base 10?
-10216
Convert 10100000011101 (base 2) to base 5.
312034
What is -22126 (base 10) in base 7?
-121336
What is 4057 (base 8) in base 4?
200233
Convert -2000021121 (base 3) to base 16.
-9a93
Convert 1220002 (base 3) to base 12.
96b
Convert -400413 (base 7) to base 16.
-1076a
Convert -324 (base 10) to base 6.
-1300
Convert -1623 (base 11) to base 16.
-822
Convert -1154 (base 10) to base 9.
-1522
Convert -6076 (base 10) to base 7.
-23500
Convert -51730 (base 8) to base 14.
-7b72
What is -8336 (base 14) in base 9?
-33877
-1532 (base 11) to base 8
-3663
What is 1354a (base 11) in base 4?
10231131
Convert -1011101 (base 2) to base 7.
-162
-73c (base 15) to base 13
-987
38623 (base 10) to base 4
21123133
What is -20231 (base 5) in base 2?
-10100100100
Convert 734 (base 11) to base 8.
1564
Convert -1 (base 15) to base 6.
-1
14341 (base 5) to base 6
5353
What is 3bc2 (base 13) in base 8?
20640
Convert 7826 (base 15) to base 5.
1303321
-122 (base 8) to base 15
-57
Convert 5167 (base 8) to base 15.
bd9
2437 (base 9) to base 6
12224
What is -360 (base 8) in base 6?
-1040
Convert 15632 (bas